tors of p?
523
Let p(t) = t**3 - 3*t**2 - 4*t + 4. Let h be p(4). Suppose 0 = h*v - 3 - 17. What are the prime factors of v?
5
Let y(c) = 86*c**2 - 5*c + 4. Let t(l) = -l**2 + 4*l - 4. Let f be t(5). Let i be 2/(-6)*(f + 6). List the prime factors of y(i).
5, 17
Let h be (-9)/5 + 2 - 3672/(-40). Suppose 2*u = h - 8. Suppose u = 9*b - 1119. List the prime factors of b.
3, 43
Suppose 222*m - 87*m = 1817876 - 131996. What are the prime factors of m?
2, 7, 223
Suppose 6*a - 44259 = -5*q + 9*a, 2*q - 17726 = -2*a. List the prime factors of q.
2, 3, 41
Let l(b) = b - 15. Let q be l(11). Let j be (-3009)/(-39) + q/26. Let v = 129 - j. List the prime factors of v.
2, 13
Let h(i) be the second derivative of 3*i**4 + i**3 + 35*i**2/2 + 205*i. What are the prime factors of h(-5)?
5, 181
Suppose 736243 - 3603919 = -98*b. List the prime factors of b.
2, 3, 4877
Let o(m) = 7*m**2 + 65*m + 12. List the prime factors of o(30).
2, 3, 17
Let l be (-2*-1*5)/((-54)/1593). Let g = -158 - l. List the prime factors of g.
137
Let f(o) = 378*o + 1834. What are the prime factors of f(7)?
2, 5, 7
Let t(h) = -h**3 - 23*h**2 - 12*h + 22. Let r be t(-23). Suppose 314*y - 6064 = r*y. What are the prime factors of y?
379
Let i(u) = 219*u**2 + 4333*u + 75. What are the prime factors of i(-24)?
3, 31, 239
Suppose 0 = -2*s + 12, -103259 = -5*q - 11*s + 7*s. What are the prime factors of q?
11, 1877
What are the prime factors of 5 + 15945/(-1 + 4)?
2, 5, 7, 19
Let n = 361 + -196. Suppose 2*p - n = 81. What are the prime factors of p?
3, 41
Let j be -5*2*2/(-4). Suppose -8*i - j = -9*i. Suppose 5*f + i*c = 8 + 102, 4*f + 5*c = 92. What are the prime factors of f?
2, 3
Let k(v) = -v**3 - 10*v**2 - 16*v + 4. Let q be k(-8). Suppose 0 = f - q*f + 384. List the prime factors of f.
2
Suppose -30*l - 27564 + 3654 = 0. Let j = l + 1179. List the prime factors of j.
2, 191
List the prime factors of ((-858)/165)/(((-3)/1105)/3).
2, 13, 17
Suppose 16*q = 17*q. Suppose n + 9*n - 520 = q. Suppose -5*v + 54 = 4*j, 4*v - n = -7*j + 3*j. What are the prime factors of j?
11
Let r(x) = 17*x - 37. Let z(c) = 17*c - 36. Let k(j) = 6*r(j) - 7*z(j). Suppose -4*w - l - 56 = 0, w + 2*l = -3*l - 33. List the prime factors of k(w).
251
Suppose -l - 7633 = -3*s, l + 8676 = 5*s - 4041. What are the prime factors of s?
2, 31, 41
Suppose 3*q - 57686 = 4*b, 2*b + 82807 = 3*q + 25125. List the prime factors of q.
2, 9613
Let k(x) = 6*x**2 + x + 12. Let d be k(-3). Suppose 42 = 5*l - d. What are the prime factors of ((-6)/(-5))/(l/2170)?
2, 31
Let y(t) = 8690*t + 1498. What are the prime factors of y(1)?
2, 3, 283
Let n be 1 - (1 - (-3 + 5)). Suppose n*s + 726 = 3*c - s, s = -4*c + 948. What are the prime factors of c?
2, 7, 17
Suppose 1577*c = 1575*c + 138. Suppose -8*d + 8 = -4*d. Let t = c - d. List the prime factors of t.
67
Let l(d) = 45*d**2 + 3*d - 31. Let t be l(-12). Suppose 0 = g - 10*w + 5*w - 1293, -5*g - w = -t. List the prime factors of g.
1283
Let j(y) = 4*y - 13. Let n be j(7). Let g be ((-6)/6)/(-3 - (-42)/n). Suppose -10 = g*f, -258 = -4*l + f + 552. What are the prime factors of l?
2, 101
Suppose 784*f - 781*f + 88176 = 2*n, -2*n + 88190 = 4*f. What are the prime factors of n?
3, 23, 71
Let c(w) = w**3 + 5*w**2 + 7*w + 8. Let u be c(-4). What are the prime factors of (-5 - -163 - 7)/((-4)/u)?
151
What are the prime factors of (-1 - (-15)/(-6))*6812586/(-2079)?
3, 3823
Let c(y) = 4418*y - 21. List the prime factors of c(2).
5, 41, 43
Suppose -26*y = -59*y + 24*y + 88326. What are the prime factors of y?
2, 7, 701
Let o(x) = -535*x + 312. List the prime factors of o(-2).
2, 691
Suppose 5*a + 254 = -5*r - 36, 0 = -4*r + 3*a - 267. Let x = -117 - r. List the prime factors of -4 - (2 + x + 3).
3, 5
Let j(s) = 2*s**3 - 5*s**2 + 29*s + 9. Let t = 494 - 487. List the prime factors of j(t).
653
Suppose 21 + 3 = 4*g. Suppose -2*f - 43 + 10 = 3*r, 0 = -3*r + 3. List the prime factors of f/(-4)*176/g.
2, 3, 11
Suppose 17*x = -3*l + 12*x + 13989, -4663 = -l + x. What are the prime factors of l?
4663
Let q(k) = 41*k**3 + 26*k**2 - 12*k - 7. Let f(s) = -42*s**3 - 22*s**2 + 10*s + 6. Let u(c) = -6*f(c) - 5*q(c). Let o = 2 - 1. List the prime factors of u(o).
2, 3
Suppose -272*f = -268*f. Suppose f*l + 4180 = 10*l. What are the prime factors of l?
2, 11, 19
Suppose 0*o - 3962 = -o. Suppose -12 = 165*z - 169*z - 5*w, z - 5 = -w. Suppose -s + o = z*s. What are the prime factors of s?
283
Suppose -u + 3*u = -2. Let d be 1/(1/u*-1 + 0). What are the prime factors of -3*d/((-9)/312) - 2?
2, 3, 17
Let l be (-1 + (-14)/8)/(81/(-2268)). List the prime factors of (56*(-1)/3)/(l/(-462)).
2, 7
List the prime factors of 2/2*(36428 - (10 - -3)).
5, 7283
Let y be 4/8*-2 + 73. Let b be (19 - 18)*(-17)/(-1). Let x = y + b. List the prime factors of x.
89
Suppose -1640 = 4*h + 2*n, 2*h - n = -0*n - 824. Let d = -87 - h. What are the prime factors of d?
2, 3
Suppose 28*d - 5 = 23*d. Let j be (d + -2)/(-7*2/(-3612)). List the prime factors of -5 + j/(-54) + 911/9.
101
Suppose -18*a + 16*a = 2. List the prime factors of 101*a/(2/(-12)*3).
2, 101
Suppose -v + 6*v = 0, q - 5*v - 3779 = 2448. List the prime factors of q.
13, 479
What are the prime factors of (-6 - (-1 + -14)) + 5167?
2, 647
Let i(r) = 8*r**2 + 44*r + 71. List the prime factors of i(29).
5, 17, 19
Let w = -4253 - -8538. What are the prime factors of w?
5, 857
Let s(x) = x**2 + 25*x + 47. Let z be s(-23). What are the prime factors of z + -6 - 2706/(-11)?
241
Suppose 3581*q + 26022 = 3583*q - 3*k, -4*k - 52052 = -4*q. What are the prime factors of q?
3, 4339
Suppose 0 = -6*o + o + 3*n + 27, 0 = -4*o - n + 25. Suppose o*l - 15*l + 765 = 0. List the prime factors of l.
5, 17
Let s(q) = 7*q**3 + 10*q**2 - 28*q - 13. What are the prime factors of s(9)?
2, 353
What are the prime factors of ((-680)/160)/(5/(-3940))?
17, 197
Let y(z) = -3*z**2 - 532*z + 43. List the prime factors of y(-73).
2, 59, 97
Let v(p) = -3*p**2 + 8*p + 21. Let c be v(4). Suppose 0 = 13*b - c*b - 2232. List the prime factors of b.
3, 31
Suppose 0 = -214*v + 228*v - 26866. What are the prime factors of v?
19, 101
Let m(o) = -168 - 156 - 88 - 171*o + 50. List the prime factors of m(-11).
7, 31
Let r = -101 + 219. Let n(b) = 13*b - 171. Let y be n(10). Let q = y + r. List the prime factors of q.
7, 11
Let x(m) = -m**2 + 8*m - 15. Let h be x(7). Let n be (-31)/11 + h/44 - -140. Let i = 236 - n. What are the prime factors of i?
3, 11
Suppose 80*c - 1731753 = 426567. What are the prime factors of c?
3, 17, 23
Let i = -59 - -48. What are the prime factors of ((-605)/(-20))/i*-24?
2, 3, 11
Let i = 519 - -931. Suppose -i = -37*w + 32*w. What are the prime factors of (-32)/48 + w/3?
2, 3
Let j be (46/(-4))/((-17)/442). Suppose -7*v = -901 + j. What are the prime factors of v?
2, 43
Suppose -24*c + 630360 + 450888 = 0. What are the prime factors of c?
2, 7, 1609
What are the prime factors of 810/324 - (-51934)/4?
2, 43, 151
Let a(r) = 391*r**2 - r + 8. Let g(m) = m**2 - m - 1. Let s(f) = a(f) + 3*g(f). List the prime factors of s(1).
5, 79
Let q(u) = -2*u**3 + 8*u**2 + 2*u + 321. What are the prime factors of q(-25)?
59, 619
Suppose 372 - 92 = 4*v. Suppose -v = -5*t + 300. Suppose 0*a - t = -2*a. List the prime factors of a.
37
What are the prime factors of 34426/35 + 42/105?
2, 3, 41
Let o be (-1764)/(-15) - 0 - 10/(-25). What are the prime factors of -5*o/20*-8?
2, 59
List the prime factors of ((33712/(-245))/8)/(1 - 217/215).
43
Suppose -r - r - 576 = 0. Let p = -126 - r. What are the prime factors of p?
2, 3
Let r(k) = -2*k**2 - 209*k - 106. What are the prime factors of r(-67)?
4919
Let x(o) = -o**2 + 17*o + 47. Suppose 4*i = -20, -3*i + 7*i = 3*g - 71. What are the prime factors of x(g)?
47
Let m = -116 + 129. Let v be -1 + (0/(-3) - -427). Suppose 3*b - h - 413 = m, 5*h = -3*b + v. What are the prime factors of b?
2, 71
Suppose -5*s = 4*t - 2*t + 47, 4*t = s + 27. Let u(i) be the third derivative of -i**5/60 - i**4 - 2*i**3/3 - 547*i**2. What are the prime factors of u(s)?
139
Suppose -3*b + 563 = 2*r, 2*r + 2*b + 568 = 4*r. Suppose -6*j + 3176 = 776. Let f = j - r. List the prime factors of f.
3, 13
What are the prime factors of ((-19554)/(-8))/((-66)/352)*(-9)/6?
2, 3, 3259
Let m be 1*(-35729)/(-9